hat is the ten thousands digit of 58216?
5
What is the thousands digit of 292960?
2
What is the ten millions digit of 17353562?
1
What is the units digit of 247348?
8
What is the millions digit of 13472101?
3
What is the ten thousands digit of 70484?
7
What is the hundreds digit of 89508?
5
What is the hundreds digit of 799611?
6
What is the millions digit of 32091600?
2
What is the hundred thousands digit of 576004?
5
What is the hundred thousands digit of 5297290?
2
What is the tens digit of 146483?
8
What is the hundred thousands digit of 164931?
1
What is the ten thousands digit of 187410?
8
What is the units digit of 170757?
7
What is the thousands digit of 854137?
4
What is the millions digit of 8630521?
8
What is the thousands digit of 203395?
3
What is the hundreds digit of 35383?
3
What is the hundred thousands digit of 731370?
7
What is the thousands digit of 23603279?
3
What is the millions digit of 6088578?
6
What is the thousands digit of 3793500?
3
What is the thousands digit of 123451?
3
What is the millions digit of 1270192?
1
What is the hundred thousands digit of 373804?
3
What is the thousands digit of 38051?
8
What is the thousands digit of 254036?
4
What is the units digit of 22591250?
0
What is the units digit of 694190?
0
What is the tens digit of 71826?
2
What is the hundreds digit of 439978?
9
What is the units digit of 922144?
4
What is the hundreds digit of 879677?
6
What is the ten thousands digit of 279817?
7
What is the hundred thousands digit of 841935?
8
What is the hundred thousands digit of 191542?
1
What is the hundred thousands digit of 841133?
8
What is the units digit of 22550474?
4
What is the hundred thousands digit of 32815892?
8
What is the ten thousands digit of 13624409?
2
What is the hundreds digit of 505896?
8
What is the millions digit of 1241869?
1
What is the hundreds digit of 9407678?
6
What is the tens digit of 1764561?
6
What is the hundreds digit of 118036?
0
What is the hundred thousands digit of 3000356?
0
What is the millions digit of 4848064?
4
What is the hundreds digit of 339760?
7
What is the hundreds digit of 200238?
2
What is the units digit of 1849743?
3
What is the thousands digit of 352935?
2
What is the units digit of 351218?
8
What is the hundreds digit of 124346?
3
What is the hundreds digit of 158428?
4
What is the units digit of 1044180?
0
What is the millions digit of 15225765?
5
What is the thousands digit of 553153?
3
What is the tens digit of 1781591?
9
What is the ten thousands digit of 8538527?
3
What is the ten thousands digit of 10480453?
8
What is the tens digit of 5767350?
5
What is the hundred thousands digit of 299257?
2
What is the units digit of 309672?
2
What is the hundred thousands digit of 25755294?
7
What is the tens digit of 2432425?
2
What is the thousands digit of 21842191?
2
What is the millions digit of 1982691?
1
What is the tens digit of 264358?
5
What is the hundreds digit of 2612299?
2
What is the hundreds digit of 238486?
4
What is the hundred thousands digit of 3748603?
7
What is the tens digit of 316265?
6
What is the hundreds digit of 1224212?
2
What is the tens digit of 665677?
7
What is the units digit of 515073?
3
What is the units digit of 635041?
1
What is the tens digit of 104386?
8
What is the millions digit of 19868878?
9
What is the millions digit of 3337322?
3
What is the thousands digit of 1473126?
3
What is the millions digit of 3359842?
3
What is the units digit of 9774210?
0
What is the hundred thousands digit of 793706?
7
What is the units digit of 203335?
5
What is the thousands digit of 540365?
0
What is the ten thousands digit of 85044?
8
What is the tens digit of 63020?
2
What is the hundreds digit of 21222716?
7
What is the units digit of 3989278?
8
What is the millions digit of 3352038?
3
What is the millions digit of 8951519?
8
What is the millions digit of 14036638?
4
What is the ten thousands digit of 780561?
8
What is the hundred thousands digit of 850664?
8
What is the hundred thousands digit of 2892947?
8
What is the thousands digit of 284346?
4
What is the millions digit of 5395151?
5
What is the thousands digit of 341993?
1
What is the ten thousands digit of 220149?
2
What is the hundred thousands digit of 638795?
6
What is the hundred thousands digit of 799189?
7
What is the thousands digit of 722916?
2
What is the ten thousands digit of 214190?
1
What is the units digit of 138063?
3
What is the tens digit of 7653263?
6
What is the hundreds digit of 4186660?
6
What is the thousands digit of 13389426?
9
What is the thousands digit of 7834243?
4
What is the ten thousands digit of 3675479?
7
What is the hundreds digit of 10585052?
0
What is the hundred thousands digit of 4977612?
9
What is the hundred thousands digit of 662714?
6
What is the ten thousands digit of 77880?
7
What is the ten thousands digit of 360072?
6
What is the tens digit of 936155?
5
What is the hundreds digit of 494869?
8
What is the millions digit of 2119529?
2
What is the ten thousands digit of 75873?
7
What is the tens digit of 4275692?
9
What is the hundred thousands digit of 15171990?
1
What is the hundreds digit of 15238364?
3
What is the hundred thousands digit of 548263?
5
What is the hundred thousands digit of 1666950?
6
What is the thousands digit of 130937?
0
What is the hundreds digit of 161018?
0
What is the units digit of 1999081?
1
What is the hundreds digit of 689868?
8
What is the thousands digit of 290891?
0
What is the ten thousands digit of 180976?
8
What is the hundred thousands digit of 311244?
3
What is the ten thousands digit of 5601498?
0
What is the hundreds digit of 236022?
0
What is the tens digit of 7291960?
6
What is the ten thousands digit of 27449208?
4
What is the ten millions digit of 32448435?
3
What is the millions digit of 2694291?
2
What is the hundred thousands digit of 194096?
1
What is the units digit of 1077371?
1
What is the tens digit of 1868107?
0
What is the tens digit of 3566324?
2
What is the units digit of 72321?
1
What is the hundred thousands digit of 170649?
1
What is the thousands digit of 353497?
3
What is the units digit of 200235?
5
What is the thousands digit of 112964?
2
What is the thousands digit of 175787?
5
What is the thousands digit of 202811?
2
What is the units digit of 345312?
2
What is the millions digit of 4276586?
4
What is the units digit of 292606?
6
What is the millions digit of 10422459?
0
What is the hundred thousands digit of 20992237?
9
What is the tens digit of 1508073?
7
What is the hundred thousands digit of 214500?
2
What is the hundred thousands digit of 3396810?
3
What is the millions digit of 12003012?
2
What is the hundreds digit of 610893?
8
What is the ten thousands digit of 1745516?
4
What is the hundred thousands digit of 705627?
7
What is the tens digit of 281987?
8
What is the ten thousands digit of 495964?
9
What is the hundreds digit of 4447389?
3
What is the thousands digit of 49515?
9
What is the thousands digit of 165631?
5
What is the thousands digit of 2997702?
7
What is the hundred thousands digit of 755596?
7
What is the hundred thousands digit of 393411?
3
What is the thousands digit of 8444830?
4
What is the ten thousands digit of 88784?
8
What is the hundred thousands digit of 941527?
9
What is the ten thousands digit of 26827390?
2
What is the hundreds digit of 23786288?
2
What is the units digit of 8939991?
1
What is the hundred thousands digit of 4644622?
6
What is the hundreds digit of 2748177?
1
What is the hundreds digit of 949411?
4
What is the ten thousands digit of 20013096?
1
What is the thousands digit of 868842?
8
What is the units digit of 290576?
6
What is the thousands digit of 8083178?
3
What is the hundreds digit of 2281758?
7
What is the hundred thousands digit of 12077875?
0
What is the hundreds digit of 472065?
0
What is the hundred thousands digit of 434169?
4
What is the hundred thousands digit of 5077941?
0
What is the millions digit of 20299817?
0
What is the hundred thousands digit of 249634?
2
What is the tens digit of 1705775?
7
What is the tens digit of 1001198?
9
What is the units digit of 1068428?
8
What is the hundreds digit of 1168750?
7
What is the hundred thousands digit of 225727?
2
What is the tens digit o